er when 342 is divided by a(-1).
41
Suppose o + 21 = 1. Let j(m) = m**3 + 20*m**2 - 4*m + 24. Calculate the remainder when j(o) is divided by 21.
20
Let h(g) be the second derivative of g**5/20 + 2*g**4/3 + 7*g**3/6 + 3*g**2 - g. Calculate the remainder when h(-7) is divided by 4.
2
What is the remainder when ((-1)/2)/(84/(-22848)) is divided by 48 - 1/1*1?
42
Let f(w) = w**3 - 13*w**2 + 10*w + 17. Let x be f(13). Suppose -5*t = 2*t - x. Calculate the remainder when 82 is divided by t.
19
Let n = 34 - 62. Let f = n + 30. Calculate the remainder when 16 is divided by f.
0
Let l be ((-321)/(-6) - 1)*(-20)/(-15). What is the remainder when (-2)/(-20) - (-3633)/l is divided by 18?
16
Suppose -30*m + 74 = -436. What is the remainder when 51 is divided by m?
0
Let l = 115 - 101. Calculate the remainder when 31 is divided by l.
3
Let p = -419 - -605. What is the remainder when p is divided by 27?
24
Suppose 2*j = -4*j - 294. Let f = 62 + j. What is the remainder when 49 is divided by f?
10
Calculate the remainder when ((-6)/(-15))/((-8)/(-9700)*5) is divided by 14.
13
Suppose -2*u = -u + 14. Let h = u - -17. Let v = 0 + 3. What is the remainder when v is divided by h?
0
Suppose -2*s + 0*s + 6 = 0. Let i(p) = 2*p + p + 0*p - 37. What is the remainder when i(15) is divided by s?
2
What is the remainder when 173/((-2)/(-14)*7) is divided by 16?
13
Let m(j) = j + 21. Let h be m(-12). Suppose -4*a + h + 3 = 0. Suppose n - 1 = 8. What is the remainder when n is divided by a?
0
Let v = 5 + -7. Let j(m) = m - 7. Let p be j(-4). Let g = v - p. Calculate the remainder when 26 is divided by g.
8
Let d(n) = -3*n**2 - 35*n - 45. What is the remainder when ((-6)/4)/((-3)/16) is divided by d(-10)?
3
Let a = 352 + -349. What is the remainder when 27 is divided by a?
0
Calculate the remainder when 59 is divided by (-2336)/(-256) + (-2)/16.
5
Suppose -2*u - 4*g + 18 = -32, 3*g - 52 = -2*u. Calculate the remainder when 374 is divided by u.
26
Let l = 43 - 41. Suppose l*o - 47 = -19. Calculate the remainder when o is divided by 9.
5
Suppose u + 23 = 2*j, -5*j + 7 - 32 = 0. Let k = u - -45. Suppose -5*g + 46 + 124 = -2*n, 0 = -5*n. Calculate the remainder when g is divided by k.
10
Let t(n) be the third derivative of 0 + 0*n**4 - 7*n**2 + 0*n + 1/60*n**5 + 19/3*n**3 - 1/120*n**6. Calculate the remainder when t(0) is divided by 20.
18
Let f(r) = 38*r - 130. What is the remainder when f(8) is divided by 35?
34
Let p be (-4)/((-8)/6)*-1. Let y = 92 - p. What is the remainder when y is divided by 14?
11
Let w(u) = -31*u - 2. Let o = 16 - -5. What is the remainder when w(-2) is divided by o?
18
Suppose 5*l = 1361 + 29. What is the remainder when l is divided by 45?
8
Calculate the remainder when 39 is divided by 4 + (-78)/(-18) + (-2)/6.
7
Let z = -201 + 243. What is the remainder when 278 is divided by z?
26
Let o(s) = 11*s + 128. Calculate the remainder when 209 is divided by o(-6).
23
Let o(l) = -l**3 + 11*l**2 + 17*l - 148. What is the remainder when 132 is divided by o(11)?
15
Suppose -3*j + 0*j = -75. Let x(u) = 7*u + 210. What is the remainder when x(-25) is divided by j?
10
Let l be ((-4)/(-8))/((-1)/(-124)). Let x = -59 + l. Calculate the remainder when 9 is divided by x.
0
Let j(w) = -7*w - 7. Let o be j(-15). Let p = -51 + o. Calculate the remainder when p is divided by 13.
8
Let x(t) = t**3 + 23*t**2 + 90*t - 10. What is the remainder when x(-13) is divided by 64?
62
Let c(s) = 7*s - 37. Calculate the remainder when 848 is divided by c(14).
55
Let k be (-1)/(-3) + 51/9. Suppose -k = -4*n + n. Suppose 5*b - l + n*l - 125 = 0, 3*l = 2*b - 67. Calculate the remainder when b is divided by 10.
6
Suppose 24*s - 22*s = -2*u + 370, 2*u - s - 367 = 0. What is the remainder when u is divided by 62?
60
Suppose 3*h = 2*v - 4*v + 8, 5*v + 5*h - 20 = 0. Suppose -2*x + x + v = 0. Calculate the remainder when x is divided by (6/(-7))/(111/(-259)).
0
Let b(f) = f**3 + 7*f**2 + 7*f - 5. Let v be b(-6). Let y = v + 15. What is the remainder when 3*(-2 - (-46)/6) is divided by y?
1
Suppose 3*m - 2*m - 3 = 5*w, 34 = 4*m + 2*w. What is the remainder when 22 is divided by m?
6
Suppose -735 = -48*h + 41*h. Calculate the remainder when 512 is divided by h.
92
Let o(i) = 9*i**2 + 2*i. Let n be o(-1). Let a = n - -19. Calculate the remainder when a is divided by 9.
8
Suppose 20 = 3*q - 4*r + 8, -4*r = q - 4. Suppose w - 60 = 2*d, -2*w - q*d - 220 = -6*w. Calculate the remainder when w is divided by 13.
11
Let k(s) = 56*s + 7. Let j be k(4). Let o be j/(-3) - -4 - 4. What is the remainder when 63 is divided by (-1221)/o + (-1)/(-7)?
15
Let t be 1/2*2*5. Let l = 8 - t. Suppose -23*z + 28*z - 15 = 0. Calculate the remainder when z is divided by l.
0
Suppose 3*g - m = 79, 5*m = 4*g - 101 + 3. Let i = g - -5. What is the remainder when i is divided by 12?
8
Let o = 247 + -143. What is the remainder when 7 is divided by (-2)/8 + o/32?
1
Suppose -w - k + 7 = -20, -57 = -2*w + k. Suppose 29 = -14*m + 141. Calculate the remainder when w is divided by m.
4
Let h = -16 + 29. Let q be ((-22)/(-11))/(1*2). Suppose q = -3*z + 22. What is the remainder when h is divided by z?
6
Let h(u) = u**3 - 4*u**2 + 6*u - 5. Let j(o) = -o**2 + 1. Let z(d) = -h(d) - 2*j(d). Let l be z(5). Calculate the remainder when 23 + 10/l + 3 is divided by 11.
10
Suppose 0 = -4*y + 5*p + 133, y = -y - 2*p + 80. Calculate the remainder when 141 is divided by y.
30
Let x = -101 - -154. Suppose -2*r = -i - x, 5*r - 4*i = i + 130. Suppose 3*b - 18 = r. What is the remainder when 58 is divided by b?
13
Let k = 3 + -18. Calculate the remainder when -5*(279/k - -3) is divided by 16.
14
Suppose -g = -f + 13, 4*g = -g - f - 77. Let i = g + 22. Let j(c) = c**2 + 20. Calculate the remainder when j(0) is divided by i.
6
Calculate the remainder when 58*(-2)/6*-3 is divided by 38.
20
Suppose 0 = -n - 5*x + 3, 0*x + 2*x = -4*n + 102. What is the remainder when 69 is divided by n?
13
Suppose -10 = -2*t + 3*m, -3*t - 5*m + 6 = -9. Let d be (-6)/4 - 2/(-4). Let f = t + d. Calculate the remainder when 6 is divided by f.
2
Let s be 6/10 - ((-384)/10 + 4). Suppose -3*a + 17 = -5*l, -3*a - l + s = 3*l. What is the remainder when 1*7/(-2)*-10 is divided by a?
8
Let x(u) = 7*u**2 - 5*u - 5. Suppose -7*k + k = 12. Calculate the remainder when x(k) is divided by 17.
16
Let x be -7*(3/2 + 1/(-2)). Calculate the remainder when x/(378/(-12)) + (-223)/(-9) is divided by 14.
11
Let c(l) = 47*l**2 + 43*l - 170. What is the remainder when c(6) is divided by 27?
25
Let f(b) = -b**3 + 12*b**2 + 17*b - 11. Suppose 0 = 2*j - 4*s - 6, 3*j = -s - 3*s + 59. What is the remainder when f(j) is divided by 9?
5
Let b = -207 + 235. Calculate the remainder when 110 is divided by b.
26
Let t(r) = r**2 + 8*r + 5. Let n be t(-8). Suppose 2*b = -n*g + 74, 0*b - 70 = -2*b - 4*g. What is the remainder when b is divided by 11?
5
Suppose -99 = -11*z + 2*z. What is the remainder when 120 is divided by z?
10
Let q(t) = 11*t + 3. Let v be q(5). Suppose 2*g - 253 + 211 = 0. What is the remainder when 2 + (v - -1) - -1 is divided by g?
20
Let c(z) = z**2 - z + 1. Let l(t) = 4*t**2 - 31*t - 43. Let k(o) = -5*c(o) + l(o). Calculate the remainder when k(-20) is divided by 74/4*2*1.
35
Let b(r) be the first derivative of r**4/4 - r**3 + 2*r**2 - 10*r - 1. Let k be b(4). Suppose k = a + 1. What is the remainder when 40 is divided by a?
19
Let x(d) = 118*d - 1. Let b be x(1). Let y be (-30)/(-50) - b/(-5). What is the remainder when 162/y - (-1)/4 is divided by 4?
3
Suppose 0 = 3*h - 73 + 274. Let c be 3/9*-3*h. Suppose -3*d + 65 = -c. Calculate the remainder when d is divided by 9.
8
Let u be (-19 - 1)*6/(-15). Suppose 3*b + 13 = -u. Let q = b + 9. Calculate the remainder when q is divided by 1.
0
Let o = 3 + 54. Let d(a) = 2*a**2 - 5*a + 4. What is the remainder when o is divided by d(5)?
28
Suppose 0*v - 7 = -v. Let i(h) = 30*h - 292. Calculate the remainder when i(12) is divided by v.
5
Calculate the remainder when (-1)/(((-25)/(-385))/(-5)) is divided by 2/(-4)*-34 + 3.
17
Let v = 486 + -314. What is the remainder when v is divided by 25?
22
Suppose -v - 87 = -3*i, -2*v = 2*i - 0*v - 50. What is the remainder when 42 is divided by (-160)/(-14) - 12/i?
9
Suppose -3*v + 6*v = 4*l - 17,